Calculate the remainder when 243092 is divided by 3798.
20
Calculate the remainder when 1477789437 is divided by 3840.
3837
What is the remainder when 3871815 is divided by 645250?
315
What is the remainder when 1392013 is divided by 914?
905
Calculate the remainder when 53821 is divided by 563.
336
What is the remainder when 276030 is divided by 236?
146
What is the remainder when 24989 is divided by 68?
33
Calculate the remainder when 46624 is divided by 22200.
2224
Calculate the remainder when 714681 is divided by 2199.
6
Calculate the remainder when 39980 is divided by 2008.
1828
Calculate the remainder when 327433 is divided by 1637.
33
Calculate the remainder when 1666138 is divided by 79339.
19
What is the remainder when 50087026 is divided by 3319?
3316
What is the remainder when 9482 is divided by 2907?
761
What is the remainder when 174848118 is divided by 21?
18
What is the remainder when 141524093 is divided by 258?
257
What is the remainder when 836985 is divided by 350?
135
What is the remainder when 1721615 is divided by 2418?
2417
Calculate the remainder when 6942485 is divided by 56.
53
What is the remainder when 11928227 is divided by 517?
3
Calculate the remainder when 5894403 is divided by 2947152.
99
What is the remainder when 61497 is divided by 4080?
297
Calculate the remainder when 874523 is divided by 171.
29
Calculate the remainder when 6559333 is divided by 1818.
1807
Calculate the remainder when 6471392 is divided by 200.
192
What is the remainder when 176145 is divided by 126?
123
Calculate the remainder when 16496757 is divided by 1326.
1317
Calculate the remainder when 1265579 is divided by 421714.
437
What is the remainder when 9340460 is divided by 72?
44
What is the remainder when 11066343 is divided by 190?
173
What is the remainder when 202824 is divided by 3813?
735
What is the remainder when 605483 is divided by 18340?
263
Calculate the remainder when 44521 is divided by 906.
127
Calculate the remainder when 489405 is divided by 12960.
9885
Calculate the remainder when 8214 is divided by 1355.
84
Calculate the remainder when 11423 is divided by 5637.
149
Calculate the remainder when 4479 is divided by 115.
109
Calculate the remainder when 565313 is divided by 1597.
1572
Calculate the remainder when 1830955 is divided by 114434.
11
What is the remainder when 15655 is divided by 14647?
1008
What is the remainder when 8138094 is divided by 4069039?
16
What is the remainder when 3208282 is divided by 412?
38
Calculate the remainder when 5082239 is divided by 29.
18
What is the remainder when 76358 is divided by 8443?
371
Calculate the remainder when 355482 is divided by 666.
504
Calculate the remainder when 133540 is divided by 578.
22
Calculate the remainder when 104537709 is divided by 879.
876
What is the remainder when 3233324 is divided by 808326?
20
What is the remainder when 15117471 is divided by 413?
19
What is the remainder when 948720 is divided by 133?
31
Calculate the remainder when 2179911 is divided by 492.
351
Calculate the remainder when 1432734 is divided by 3170.
3064
Calculate the remainder when 76541 is divided by 38025.
491
What is the remainder when 270746 is divided by 5446?
3892
What is the remainder when 29324 is divided by 3096?
1460
What is the remainder when 571307 is divided by 4501?
4181
Calculate the remainder when 275278 is divided by 378.
94
Calculate the remainder when 141000204 is divided by 2210.
2204
Calculate the remainder when 28818 is divided by 4316.
2922
What is the remainder when 10763 is divided by 10671?
92
Calculate the remainder when 149948044 is divided by 188.
184
What is the remainder when 1119282 is divided by 415?
27
What is the remainder when 14838238 is divided by 93?
88
What is the remainder when 1007417 is divided by 3270?
257
What is the remainder when 1692287 is divided by 27?
8
What is the remainder when 5756132 is divided by 3453?
3434
Calculate the remainder when 623311 is divided by 1040.
351
Calculate the remainder when 135613 is divided by 15049.
172
What is the remainder when 128286680 is divided by 7?
4
What is the remainder when 189081 is divided by 1068?
45
Calculate the remainder when 3587082 is divided by 2872.
2826
Calculate the remainder when 51284 is divided by 16945.
449
What is the remainder when 247458 is divided by 1151?
1144
Calculate the remainder when 41067 is divided by 165.
147
Calculate the remainder when 7891775 is divided by 2895.
5
Calculate the remainder when 53779 is divided by 1308.
151
What is the remainder when 377252 is divided by 94311?
8
What is the remainder when 47558422 is divided by 62?
20
What is the remainder when 4815693 is divided by 118?
113
Calculate the remainder when 70220481 is divided by 214.
19
What is the remainder when 1857616925 is divided by 136?
133
What is the remainder when 6732225 is divided by 133?
31
What is the remainder when 14531946 is divided by 1018?
1014
What is the remainder when 3475 is divided by 3437?
38
Calculate the remainder when 51258 is divided by 2131.
114
Calculate the remainder when 3614761 is divided by 3157.
3153
Calculate the remainder when 130369 is divided by 130076.
293
What is the remainder when 9760814 is divided by 4457?
4441
Calculate the remainder when 1713298 is divided by 285539.
64
Calculate the remainder when 4311287 is divided by 511.
491
Calculate the remainder when 20575 is divided by 571.
19
What is the remainder when 894461 is divided by 2033?
1974
Calculate the remainder when 1602381 is divided by 1596.
1593
Calculate the remainder when 25412040 is divided by 668.
652
Calculate the remainder when 766554 is divided by 170.
24
Calculate the remainder when 7627048 is divided by 1530.
1528
What is the remainder when 1629635 is divided by 17908?
7
What is the remainder when 84786 is divided by 334?
284
What is the remainder when 3035088 is divided by 433578?
42
Calculate the remainder when 169948 is divided by 530.
348
What is the remainder when 118501620 is divided by 57947?
5
What is the remainder when 1160894 is divided by 1392?
1358
Calculate the remainder when 697309 is divided by 1468.
9
What is the remainder when 99053 is divided by 12374?
61
Calculate the remainder when 185488 is divided by 161.
16
What is the remainder when 1416644 is divided by 27?
8
What is the remainder when 1810106 is divided by 3316?
2886
What is the remainder when 4682834 is divided by 2212?
30
What is the remainder when 57167 is divided by 1360?
47
What is the remainder when 148133 is divided by 838?
645
What is the remainder when 1587738 is divided by 395?
233
Calculate the remainder when 1383274 is divided by 270.
64
What is the remainder when 5780892 is divided by 9176?
12
What is the remainder when 652335 is divided by 59301?
24
What is the remainder when 143517 is divided by 19342?
8123
Calculate the remainder when 260030 is divided by 62046.
11846
Calculate the remainder when 4582084 is divided by 123840.
4
What is the remainder when 130564337 is divided by 103?
95
Calculate the remainder when 483792 is divided by 96731.
137
Calculate the remainder when 1248176 is divided by 30.
26
Calculate the remainder when 5315679 is divided by 12778.
31
What is the remainder when 123827316 is divided by 40?
36
Calculate the remainder when 1102388 is divided by 367358.
314
What is the remainder when 38021 is divided by 3155?
161
What is the remainder when 3272955 is divided by 1961?
46
What is the remainder when 8632901 is divided by 143881?
41
Calculate the remainder when 1571321 is divided by 98207.
9
Calculate the remainder when 1554948 is divided by 5475.
48
Calculate the remainder when 1113605 is divided by 278390.
45
What is the remainder when 8936868 is divided by 388?
64
Calculate the remainder when 11970953 is divided by 576.
521
Calculate the remainder when 9279 is divided by 1135.
199
What is the remainder when 3348959 is divided by 586?
555
Calculate the remainder when 414144 is divided by 2836.
88
Calculate the remainder when 4036796 is divided by 3582.
3464
What is the remainder when 31709 is divided by 7920?
29
Calculate the remainder when 58878283 is divided by 112.
107
What is the remainder when 2458595 is divided by 819522?
29
What is the remainder when 10167 i